{"id":226,"date":"2022-02-02T16:57:25","date_gmt":"2022-02-02T19:57:25","guid":{"rendered":"http:\/\/localhost\/?page_id=226"},"modified":"2022-05-05T11:48:25","modified_gmt":"2022-05-05T14:48:25","slug":"portifolio","status":"publish","type":"page","link":"https:\/\/espacoforropvc.com.br\/?page_id=226","title":{"rendered":"Portifolio"},"content":{"rendered":"\t\t<div data-elementor-type=\"wp-page\" data-elementor-id=\"226\" class=\"elementor elementor-226\" data-elementor-settings=\"[]\">\n\t\t\t\t\t\t\t<div class=\"elementor-section-wrap\">\n\t\t\t\t\t\t\t<section class=\"elementor-section elementor-top-section elementor-element elementor-element-fb708ee elementor-section-full_width elementor-section-height-min-height elementor-section-stretched elementor-section-height-default elementor-section-items-middle elementor-invisible\" data-id=\"fb708ee\" data-element_type=\"section\" data-settings=\"{&quot;stretch_section&quot;:&quot;section-stretched&quot;,&quot;background_background&quot;:&quot;classic&quot;,&quot;animation&quot;:&quot;zoomIn&quot;}\">\n\t\t\t\t\t\t<div class=\"elementor-container elementor-column-gap-default\">\n\t\t\t\t\t<div class=\"elementor-column elementor-col-100 elementor-top-column elementor-element elementor-element-b12109c\" data-id=\"b12109c\" data-element_type=\"column\">\n\t\t\t<div class=\"elementor-widget-wrap elementor-element-populated\">\n\t\t\t\t\t\t\t\t<div class=\"elementor-element elementor-element-ce0c960 elementor-widget elementor-widget-heading\" data-id=\"ce0c960\" data-element_type=\"widget\" data-widget_type=\"heading.default\">\n\t\t\t\t<div class=\"elementor-widget-container\">\n\t\t\t<style>\/*! elementor - v3.5.4 - 23-01-2022 *\/\n.elementor-heading-title{padding:0;margin:0;line-height:1}.elementor-widget-heading .elementor-heading-title[class*=elementor-size-]>a{color:inherit;font-size:inherit;line-height:inherit}.elementor-widget-heading .elementor-heading-title.elementor-size-small{font-size:15px}.elementor-widget-heading .elementor-heading-title.elementor-size-medium{font-size:19px}.elementor-widget-heading .elementor-heading-title.elementor-size-large{font-size:29px}.elementor-widget-heading .elementor-heading-title.elementor-size-xl{font-size:39px}.elementor-widget-heading .elementor-heading-title.elementor-size-xxl{font-size:59px}<\/style><h1 class=\"elementor-heading-title elementor-size-default\">PORTIF\u00d3LIO<\/h1>\t\t<\/div>\n\t\t\t\t<\/div>\n\t\t\t\t\t<\/div>\n\t\t<\/div>\n\t\t\t\t\t\t\t<\/div>\n\t\t<\/section>\n\t\t\t\t<section class=\"elementor-section elementor-top-section elementor-element elementor-element-562c8d6 ajustaImagem elementor-section-boxed elementor-section-height-default elementor-section-height-default\" data-id=\"562c8d6\" data-element_type=\"section\">\n\t\t\t\t\t\t<div class=\"elementor-container elementor-column-gap-default\">\n\t\t\t\t\t<div class=\"elementor-column elementor-col-25 elementor-top-column elementor-element elementor-element-6c99458\" data-id=\"6c99458\" data-element_type=\"column\">\n\t\t\t<div class=\"elementor-widget-wrap elementor-element-populated\">\n\t\t\t\t\t\t\t\t<div class=\"elementor-element elementor-element-6f2809d elementor-widget elementor-widget-image\" data-id=\"6f2809d\" data-element_type=\"widget\" data-widget_type=\"image.default\">\n\t\t\t\t<div class=\"elementor-widget-container\">\n\t\t\t<style>\/*! elementor - v3.5.4 - 23-01-2022 *\/\n.elementor-widget-image{text-align:center}.elementor-widget-image a{display:inline-block}.elementor-widget-image a img[src$=\".svg\"]{width:48px}.elementor-widget-image img{vertical-align:middle;display:inline-block}<\/style>\t\t\t\t\t\t\t\t\t<figure class=\"wp-caption\">\n\t\t\t\t\t\t\t\t\t\t\t<a href=\"https:\/\/espacoforropvc.com.br\/wp-content\/uploads\/2022\/03\/foto-6.jpeg\" data-elementor-open-lightbox=\"yes\" data-elementor-lightbox-title=\"foto-6\">\n\t\t\t\t\t\t\t<img loading=\"lazy\" decoding=\"async\" width=\"576\" height=\"1024\" src=\"https:\/\/espacoforropvc.com.br\/wp-content\/uploads\/2022\/03\/foto-6-576x1024.jpeg\" class=\"attachment-large size-large\" alt=\"\" srcset=\"https:\/\/espacoforropvc.com.br\/wp-content\/uploads\/2022\/03\/foto-6-576x1024.jpeg 576w, https:\/\/espacoforropvc.com.br\/wp-content\/uploads\/2022\/03\/foto-6-169x300.jpeg 169w, https:\/\/espacoforropvc.com.br\/wp-content\/uploads\/2022\/03\/foto-6.jpeg 648w\" sizes=\"auto, (max-width: 576px) 100vw, 576px\" \/>\t\t\t\t\t\t\t\t<\/a>\n\t\t\t\t\t\t\t\t\t\t\t<figcaption class=\"widget-image-caption wp-caption-text\"><b>Antes da montagem<\/b><\/figcaption>\n\t\t\t\t\t\t\t\t\t\t<\/figure>\n\t\t\t\t\t\t\t\t\t<\/div>\n\t\t\t\t<\/div>\n\t\t\t\t\t<\/div>\n\t\t<\/div>\n\t\t\t\t<div class=\"elementor-column elementor-col-25 elementor-top-column elementor-element elementor-element-dd08fbc\" data-id=\"dd08fbc\" data-element_type=\"column\">\n\t\t\t<div class=\"elementor-widget-wrap elementor-element-populated\">\n\t\t\t\t\t\t\t\t<div class=\"elementor-element elementor-element-cf42af2 elementor-widget elementor-widget-image\" data-id=\"cf42af2\" data-element_type=\"widget\" data-widget_type=\"image.default\">\n\t\t\t\t<div class=\"elementor-widget-container\">\n\t\t\t\t\t\t\t\t\t\t\t\t<figure class=\"wp-caption\">\n\t\t\t\t\t\t\t\t\t\t\t<a href=\"https:\/\/espacoforropvc.com.br\/wp-content\/uploads\/2022\/03\/foto-7-1.jpeg\" data-elementor-open-lightbox=\"yes\" data-elementor-lightbox-title=\"foto-7\">\n\t\t\t\t\t\t\t<img loading=\"lazy\" decoding=\"async\" width=\"576\" height=\"1024\" src=\"https:\/\/espacoforropvc.com.br\/wp-content\/uploads\/2022\/03\/foto-7-1-576x1024.jpeg\" class=\"attachment-large size-large\" alt=\"\" srcset=\"https:\/\/espacoforropvc.com.br\/wp-content\/uploads\/2022\/03\/foto-7-1-576x1024.jpeg 576w, https:\/\/espacoforropvc.com.br\/wp-content\/uploads\/2022\/03\/foto-7-1-169x300.jpeg 169w, https:\/\/espacoforropvc.com.br\/wp-content\/uploads\/2022\/03\/foto-7-1.jpeg 648w\" sizes=\"auto, (max-width: 576px) 100vw, 576px\" \/>\t\t\t\t\t\t\t\t<\/a>\n\t\t\t\t\t\t\t\t\t\t\t<figcaption class=\"widget-image-caption wp-caption-text\"><b>Durante a montagem<b><\/figcaption>\n\t\t\t\t\t\t\t\t\t\t<\/figure>\n\t\t\t\t\t\t\t\t\t<\/div>\n\t\t\t\t<\/div>\n\t\t\t\t\t<\/div>\n\t\t<\/div>\n\t\t\t\t<div class=\"elementor-column elementor-col-50 elementor-top-column elementor-element elementor-element-23bc612 colunaNova\" data-id=\"23bc612\" data-element_type=\"column\">\n\t\t\t<div class=\"elementor-widget-wrap elementor-element-populated\">\n\t\t\t\t\t\t\t\t<div class=\"elementor-element elementor-element-d47784b elementor-widget elementor-widget-heading\" data-id=\"d47784b\" data-element_type=\"widget\" data-widget_type=\"heading.default\">\n\t\t\t\t<div class=\"elementor-widget-container\">\n\t\t\t<h2 class=\"elementor-heading-title elementor-size-default\">Espa\u00e7o em Drywall<\/h2>\t\t<\/div>\n\t\t\t\t<\/div>\n\t\t\t\t<div class=\"elementor-element elementor-element-7b819a6 elementor-widget elementor-widget-text-editor\" data-id=\"7b819a6\" data-element_type=\"widget\" data-widget_type=\"text-editor.default\">\n\t\t\t\t<div class=\"elementor-widget-container\">\n\t\t\t<style>\/*! elementor - v3.5.4 - 23-01-2022 *\/\n.elementor-widget-text-editor.elementor-drop-cap-view-stacked .elementor-drop-cap{background-color:#818a91;color:#fff}.elementor-widget-text-editor.elementor-drop-cap-view-framed .elementor-drop-cap{color:#818a91;border:3px solid;background-color:transparent}.elementor-widget-text-editor:not(.elementor-drop-cap-view-default) .elementor-drop-cap{margin-top:8px}.elementor-widget-text-editor:not(.elementor-drop-cap-view-default) .elementor-drop-cap-letter{width:1em;height:1em}.elementor-widget-text-editor .elementor-drop-cap{float:left;text-align:center;line-height:1;font-size:50px}.elementor-widget-text-editor .elementor-drop-cap-letter{display:inline-block}<\/style>\t\t\t\t<p>Foi utilizado o sistema Drywall para montagem da estrutura da loja. Poupando muito tempo e deixando o ambiente bem distribuido o organizado.<\/p><ul><li><strong>Tipo de estrutura:<\/strong> A\u00e7o<\/li><li><strong>Modelo do parede:<\/strong> Chapa de gesso Knauf &#8211; Diamont<\/li><\/ul>\t\t\t\t\t\t<\/div>\n\t\t\t\t<\/div>\n\t\t\t\t\t<\/div>\n\t\t<\/div>\n\t\t\t\t\t\t\t<\/div>\n\t\t<\/section>\n\t\t\t\t<section class=\"elementor-section elementor-top-section elementor-element elementor-element-39781bf ajustaImagem elementor-section-boxed elementor-section-height-default elementor-section-height-default\" data-id=\"39781bf\" data-element_type=\"section\">\n\t\t\t\t\t\t<div class=\"elementor-container elementor-column-gap-default\">\n\t\t\t\t\t<div class=\"elementor-column elementor-col-25 elementor-top-column elementor-element elementor-element-4584673\" data-id=\"4584673\" data-element_type=\"column\">\n\t\t\t<div class=\"elementor-widget-wrap elementor-element-populated\">\n\t\t\t\t\t\t\t\t<div class=\"elementor-element elementor-element-7d4e7e0 elementor-widget elementor-widget-image\" data-id=\"7d4e7e0\" data-element_type=\"widget\" data-widget_type=\"image.default\">\n\t\t\t\t<div class=\"elementor-widget-container\">\n\t\t\t\t\t\t\t\t\t\t\t\t<figure class=\"wp-caption\">\n\t\t\t\t\t\t\t\t\t\t\t<a href=\"https:\/\/espacoforropvc.com.br\/espacoforro\/wp-content\/uploads\/2022\/02\/1582a7c2-3f12-444c-ae37-c31eaa605ed4.jpg\" data-elementor-open-lightbox=\"yes\" data-elementor-lightbox-title=\"Corredor Principal\">\n\t\t\t\t\t\t\t<img loading=\"lazy\" decoding=\"async\" width=\"768\" height=\"1024\" src=\"https:\/\/espacoforropvc.com.br\/wp-content\/uploads\/2022\/02\/1582a7c2-3f12-444c-ae37-c31eaa605ed4.jpg\" class=\"attachment-large size-large\" alt=\"\" \/>\t\t\t\t\t\t\t\t<\/a>\n\t\t\t\t\t\t\t\t\t\t\t<figcaption class=\"widget-image-caption wp-caption-text\"><b>Cerejeira Imperial<\/b><\/figcaption>\n\t\t\t\t\t\t\t\t\t\t<\/figure>\n\t\t\t\t\t\t\t\t\t<\/div>\n\t\t\t\t<\/div>\n\t\t\t\t\t<\/div>\n\t\t<\/div>\n\t\t\t\t<div class=\"elementor-column elementor-col-25 elementor-top-column elementor-element elementor-element-59b53cc\" data-id=\"59b53cc\" data-element_type=\"column\">\n\t\t\t<div class=\"elementor-widget-wrap elementor-element-populated\">\n\t\t\t\t\t\t\t\t<div class=\"elementor-element elementor-element-65d5188 elementor-widget elementor-widget-image\" data-id=\"65d5188\" data-element_type=\"widget\" data-widget_type=\"image.default\">\n\t\t\t\t<div class=\"elementor-widget-container\">\n\t\t\t\t\t\t\t\t\t\t\t\t<figure class=\"wp-caption\">\n\t\t\t\t\t\t\t\t\t\t\t<a href=\"https:\/\/espacoforropvc.com.br\/espacoforro\/wp-content\/uploads\/2022\/02\/img-1-1.jpg\" data-elementor-open-lightbox=\"yes\" data-elementor-lightbox-title=\"Sala de Estar\">\n\t\t\t\t\t\t\t<img loading=\"lazy\" decoding=\"async\" width=\"768\" height=\"1024\" src=\"https:\/\/espacoforropvc.com.br\/wp-content\/uploads\/2022\/02\/img-1-1.jpg\" class=\"attachment-large size-large\" alt=\"\" \/>\t\t\t\t\t\t\t\t<\/a>\n\t\t\t\t\t\t\t\t\t\t\t<figcaption class=\"widget-image-caption wp-caption-text\"><b>Ip\u00ea Brow<b><\/figcaption>\n\t\t\t\t\t\t\t\t\t\t<\/figure>\n\t\t\t\t\t\t\t\t\t<\/div>\n\t\t\t\t<\/div>\n\t\t\t\t\t<\/div>\n\t\t<\/div>\n\t\t\t\t<div class=\"elementor-column elementor-col-50 elementor-top-column elementor-element elementor-element-6b2eb2a colunaNova\" data-id=\"6b2eb2a\" data-element_type=\"column\">\n\t\t\t<div class=\"elementor-widget-wrap elementor-element-populated\">\n\t\t\t\t\t\t\t\t<div class=\"elementor-element elementor-element-8dc7290 elementor-widget elementor-widget-heading\" data-id=\"8dc7290\" data-element_type=\"widget\" data-widget_type=\"heading.default\">\n\t\t\t\t<div class=\"elementor-widget-container\">\n\t\t\t<h2 class=\"elementor-heading-title elementor-size-default\">Trabalho em Piso Laminado<\/h2>\t\t<\/div>\n\t\t\t\t<\/div>\n\t\t\t\t<div class=\"elementor-element elementor-element-a0723e8 elementor-widget elementor-widget-text-editor\" data-id=\"a0723e8\" data-element_type=\"widget\" data-widget_type=\"text-editor.default\">\n\t\t\t\t<div class=\"elementor-widget-container\">\n\t\t\t\t\t\t\t<p>Trabalho de coloca\u00e7\u00e3o de piso vin\u00edlico e realizado no predio Foi realizada a coloca\u00e7\u00e3o do piso pela nossa equipe de especialistas.<\/p><ul><li><strong>Tipo de piso:<\/strong> Laminado<\/li><li><strong>Modelo do piso:<\/strong> Ip\u00ea Brow<\/li><li><strong>Modelo do piso: <\/strong>Cerejeira Imperial<\/li><\/ul>\t\t\t\t\t\t<\/div>\n\t\t\t\t<\/div>\n\t\t\t\t\t<\/div>\n\t\t<\/div>\n\t\t\t\t\t\t\t<\/div>\n\t\t<\/section>\n\t\t\t\t<section class=\"elementor-section elementor-top-section elementor-element elementor-element-036c048 ajustaImagem elementor-section-boxed elementor-section-height-default elementor-section-height-default\" data-id=\"036c048\" data-element_type=\"section\">\n\t\t\t\t\t\t<div class=\"elementor-container elementor-column-gap-default\">\n\t\t\t\t\t<div class=\"elementor-column elementor-col-25 elementor-top-column elementor-element elementor-element-d5a94d1\" data-id=\"d5a94d1\" data-element_type=\"column\">\n\t\t\t<div class=\"elementor-widget-wrap elementor-element-populated\">\n\t\t\t\t\t\t\t\t<div class=\"elementor-element elementor-element-fe38965 elementor-widget elementor-widget-image\" data-id=\"fe38965\" data-element_type=\"widget\" data-widget_type=\"image.default\">\n\t\t\t\t<div class=\"elementor-widget-container\">\n\t\t\t\t\t\t\t\t\t\t\t\t<figure class=\"wp-caption\">\n\t\t\t\t\t\t\t\t\t\t\t<a href=\"https:\/\/espacoforropvc.com.br\/wp-content\/uploads\/2022\/05\/de90ff76-cea2-437e-af8b-877291a3dc6c.jpeg\" data-elementor-open-lightbox=\"yes\" data-elementor-lightbox-title=\"de90ff76-cea2-437e-af8b-877291a3dc6c\">\n\t\t\t\t\t\t\t<img loading=\"lazy\" decoding=\"async\" width=\"768\" height=\"1024\" src=\"https:\/\/espacoforropvc.com.br\/wp-content\/uploads\/2022\/05\/de90ff76-cea2-437e-af8b-877291a3dc6c-768x1024.jpeg\" class=\"attachment-large size-large\" alt=\"\" srcset=\"https:\/\/espacoforropvc.com.br\/wp-content\/uploads\/2022\/05\/de90ff76-cea2-437e-af8b-877291a3dc6c-768x1024.jpeg 768w, https:\/\/espacoforropvc.com.br\/wp-content\/uploads\/2022\/05\/de90ff76-cea2-437e-af8b-877291a3dc6c-225x300.jpeg 225w, https:\/\/espacoforropvc.com.br\/wp-content\/uploads\/2022\/05\/de90ff76-cea2-437e-af8b-877291a3dc6c.jpeg 867w\" sizes=\"auto, (max-width: 768px) 100vw, 768px\" \/>\t\t\t\t\t\t\t\t<\/a>\n\t\t\t\t\t\t\t\t\t\t\t<figcaption class=\"widget-image-caption wp-caption-text\"><b>Corredor Principal<\/b><\/figcaption>\n\t\t\t\t\t\t\t\t\t\t<\/figure>\n\t\t\t\t\t\t\t\t\t<\/div>\n\t\t\t\t<\/div>\n\t\t\t\t\t<\/div>\n\t\t<\/div>\n\t\t\t\t<div class=\"elementor-column elementor-col-25 elementor-top-column elementor-element elementor-element-dc4303e\" data-id=\"dc4303e\" data-element_type=\"column\">\n\t\t\t<div class=\"elementor-widget-wrap elementor-element-populated\">\n\t\t\t\t\t\t\t\t<div class=\"elementor-element elementor-element-346c702 elementor-widget elementor-widget-image\" data-id=\"346c702\" data-element_type=\"widget\" data-widget_type=\"image.default\">\n\t\t\t\t<div class=\"elementor-widget-container\">\n\t\t\t\t\t\t\t\t\t\t\t\t<figure class=\"wp-caption\">\n\t\t\t\t\t\t\t\t\t\t\t<a href=\"https:\/\/espacoforropvc.com.br\/wp-content\/uploads\/2022\/05\/82232eb7-6801-42c1-a549-822fd6300964.jpeg\" data-elementor-open-lightbox=\"yes\" data-elementor-lightbox-title=\"82232eb7-6801-42c1-a549-822fd6300964\">\n\t\t\t\t\t\t\t<img loading=\"lazy\" decoding=\"async\" width=\"769\" height=\"1024\" src=\"https:\/\/espacoforropvc.com.br\/wp-content\/uploads\/2022\/05\/82232eb7-6801-42c1-a549-822fd6300964-769x1024.jpeg\" class=\"attachment-large size-large\" alt=\"\" srcset=\"https:\/\/espacoforropvc.com.br\/wp-content\/uploads\/2022\/05\/82232eb7-6801-42c1-a549-822fd6300964-769x1024.jpeg 769w, https:\/\/espacoforropvc.com.br\/wp-content\/uploads\/2022\/05\/82232eb7-6801-42c1-a549-822fd6300964-225x300.jpeg 225w, https:\/\/espacoforropvc.com.br\/wp-content\/uploads\/2022\/05\/82232eb7-6801-42c1-a549-822fd6300964-768x1023.jpeg 768w, https:\/\/espacoforropvc.com.br\/wp-content\/uploads\/2022\/05\/82232eb7-6801-42c1-a549-822fd6300964.jpeg 867w\" sizes=\"auto, (max-width: 769px) 100vw, 769px\" \/>\t\t\t\t\t\t\t\t<\/a>\n\t\t\t\t\t\t\t\t\t\t\t<figcaption class=\"widget-image-caption wp-caption-text\"><b>Sala de Estar<b><\/figcaption>\n\t\t\t\t\t\t\t\t\t\t<\/figure>\n\t\t\t\t\t\t\t\t\t<\/div>\n\t\t\t\t<\/div>\n\t\t\t\t\t<\/div>\n\t\t<\/div>\n\t\t\t\t<div class=\"elementor-column elementor-col-50 elementor-top-column elementor-element elementor-element-c62cc65 colunaNova\" data-id=\"c62cc65\" data-element_type=\"column\">\n\t\t\t<div class=\"elementor-widget-wrap elementor-element-populated\">\n\t\t\t\t\t\t\t\t<div class=\"elementor-element elementor-element-9124fac elementor-widget elementor-widget-heading\" data-id=\"9124fac\" data-element_type=\"widget\" data-widget_type=\"heading.default\">\n\t\t\t\t<div class=\"elementor-widget-container\">\n\t\t\t<h2 class=\"elementor-heading-title elementor-size-default\">Forro PVC<\/h2>\t\t<\/div>\n\t\t\t\t<\/div>\n\t\t\t\t<div class=\"elementor-element elementor-element-2687b2e elementor-widget elementor-widget-text-editor\" data-id=\"2687b2e\" data-element_type=\"widget\" data-widget_type=\"text-editor.default\">\n\t\t\t\t<div class=\"elementor-widget-container\">\n\t\t\t\t\t\t\t<p>Trabalho de coloca\u00e7\u00e3o de forro PVC e realizado no predio Foi realizada a coloca\u00e7\u00e3o do piso pela nossa equipe de especialistas..<\/p><ul><li><strong>Tipo de forro:<\/strong> PVC<\/li><li><strong>Modelo do piso:<\/strong> Gemini 8mm<\/li><\/ul>\t\t\t\t\t\t<\/div>\n\t\t\t\t<\/div>\n\t\t\t\t\t<\/div>\n\t\t<\/div>\n\t\t\t\t\t\t\t<\/div>\n\t\t<\/section>\n\t\t\t\t<section class=\"elementor-section elementor-top-section elementor-element elementor-element-62d47f7 elementor-section-boxed elementor-section-height-default elementor-section-height-default\" data-id=\"62d47f7\" data-element_type=\"section\">\n\t\t\t\t\t\t<div class=\"elementor-container elementor-column-gap-default\">\n\t\t\t\t\t<div class=\"elementor-column elementor-col-100 elementor-top-column elementor-element elementor-element-bbe4d71\" data-id=\"bbe4d71\" data-element_type=\"column\">\n\t\t\t<div class=\"elementor-widget-wrap elementor-element-populated\">\n\t\t\t\t\t\t\t\t<div class=\"elementor-element elementor-element-4531373 elementor-widget elementor-widget-spacer\" data-id=\"4531373\" data-element_type=\"widget\" data-widget_type=\"spacer.default\">\n\t\t\t\t<div class=\"elementor-widget-container\">\n\t\t\t\t\t<div class=\"elementor-spacer\">\n\t\t\t<div class=\"elementor-spacer-inner\"><\/div>\n\t\t<\/div>\n\t\t\t\t<\/div>\n\t\t\t\t<\/div>\n\t\t\t\t\t<\/div>\n\t\t<\/div>\n\t\t\t\t\t\t\t<\/div>\n\t\t<\/section>\n\t\t\t\t\t\t<\/div>\n\t\t\t\t\t<\/div>\n\t\t","protected":false},"excerpt":{"rendered":"<p>PORTIF\u00d3LIO Antes da montagem Durante a montagem Espa\u00e7o em Drywall Foi utilizado o sistema Drywall para montagem da estrutura da loja. Poupando muito tempo e deixando o ambiente bem distribuido o organizado. Tipo de estrutura: A\u00e7o Modelo do parede: Chapa de gesso Knauf &#8211; Diamont Cerejeira Imperial Ip\u00ea Brow Trabalho em Piso Laminado Trabalho de coloca\u00e7\u00e3o de piso vin\u00edlico e realizado no predio Foi realizada a coloca\u00e7\u00e3o do piso pela nossa equipe de especialistas. Tipo de piso: Laminado Modelo do piso: Ip\u00ea Brow Modelo do piso: Cerejeira Imperial Corredor Principal Sala de Estar Forro PVC Trabalho de coloca\u00e7\u00e3o de forro PVC e realizado no predio Foi realizada a coloca\u00e7\u00e3o do piso pela nossa equipe de especialistas.. Tipo de forro: PVC Modelo do piso: Gemini 8mm<\/p>\n","protected":false},"author":1,"featured_media":0,"parent":0,"menu_order":0,"comment_status":"closed","ping_status":"closed","template":"","meta":{"footnotes":""},"class_list":["post-226","page","type-page","status-publish"],"_links":{"self":[{"href":"https:\/\/espacoforropvc.com.br\/index.php?rest_route=\/wp\/v2\/pages\/226","targetHints":{"allow":["GET"]}}],"collection":[{"href":"https:\/\/espacoforropvc.com.br\/index.php?rest_route=\/wp\/v2\/pages"}],"about":[{"href":"https:\/\/espacoforropvc.com.br\/index.php?rest_route=\/wp\/v2\/types\/page"}],"author":[{"embeddable":true,"href":"https:\/\/espacoforropvc.com.br\/index.php?rest_route=\/wp\/v2\/users\/1"}],"replies":[{"embeddable":true,"href":"https:\/\/espacoforropvc.com.br\/index.php?rest_route=%2Fwp%2Fv2%2Fcomments&post=226"}],"version-history":[{"count":109,"href":"https:\/\/espacoforropvc.com.br\/index.php?rest_route=\/wp\/v2\/pages\/226\/revisions"}],"predecessor-version":[{"id":3109,"href":"https:\/\/espacoforropvc.com.br\/index.php?rest_route=\/wp\/v2\/pages\/226\/revisions\/3109"}],"wp:attachment":[{"href":"https:\/\/espacoforropvc.com.br\/index.php?rest_route=%2Fwp%2Fv2%2Fmedia&parent=226"}],"curies":[{"name":"wp","href":"https:\/\/api.w.org\/{rel}","templated":true}]}}